{"id":358,"date":"2020-10-16T15:50:58","date_gmt":"2020-10-16T18:50:58","guid":{"rendered":"https:\/\/abraps.org.br\/semanalixozero\/?page_id=358"},"modified":"2021-10-28T13:55:23","modified_gmt":"2021-10-28T16:55:23","slug":"quinta-28-10-2021","status":"publish","type":"page","link":"https:\/\/abraps.org.br\/semanalixozero\/programacao\/quinta-28-10-2021\/","title":{"rendered":"Quinta &#8211; 28\/10\/2021"},"content":{"rendered":"\t\t<div data-elementor-type=\"wp-page\" data-elementor-id=\"358\" class=\"elementor elementor-358\" data-elementor-settings=\"[]\">\n\t\t\t\t\t\t<div class=\"elementor-inner\">\n\t\t\t\t\t\t\t<div class=\"elementor-section-wrap\">\n\t\t\t\t\t\t\t<section class=\"elementor-section elementor-top-section elementor-element elementor-element-fe23ee1 elementor-section-boxed elementor-section-height-default elementor-section-height-default\" data-id=\"fe23ee1\" data-element_type=\"section\">\n\t\t\t\t\t\t<div class=\"elementor-container elementor-column-gap-default\">\n\t\t\t\t\t\t\t<div class=\"elementor-row\">\n\t\t\t\t\t<div class=\"elementor-column elementor-col-100 elementor-top-column elementor-element elementor-element-3cfbdd0\" data-id=\"3cfbdd0\" data-element_type=\"column\">\n\t\t\t<div class=\"elementor-column-wrap elementor-element-populated\">\n\t\t\t\t\t\t\t<div class=\"elementor-widget-wrap\">\n\t\t\t\t\t\t<div class=\"elementor-element elementor-element-369931e elementor-widget elementor-widget-heading\" data-id=\"369931e\" data-element_type=\"widget\" data-widget_type=\"heading.default\">\n\t\t\t\t<div class=\"elementor-widget-container\">\n\t\t\t<h2 class=\"elementor-heading-title elementor-size-default\">QUINTA, 28\/10<\/h2>\t\t<\/div>\n\t\t\t\t<\/div>\n\t\t\t\t\t\t<\/div>\n\t\t\t\t\t<\/div>\n\t\t<\/div>\n\t\t\t\t\t\t\t\t<\/div>\n\t\t\t\t\t<\/div>\n\t\t<\/section>\n\t\t\t\t<section class=\"elementor-section elementor-top-section elementor-element elementor-element-4157526 elementor-section-boxed elementor-section-height-default elementor-section-height-default\" data-id=\"4157526\" data-element_type=\"section\">\n\t\t\t\t\t\t<div class=\"elementor-container elementor-column-gap-default\">\n\t\t\t\t\t\t\t<div class=\"elementor-row\">\n\t\t\t\t\t<div class=\"elementor-column elementor-col-100 elementor-top-column elementor-element elementor-element-c546dfb\" data-id=\"c546dfb\" data-element_type=\"column\">\n\t\t\t<div class=\"elementor-column-wrap elementor-element-populated\">\n\t\t\t\t\t\t\t<div class=\"elementor-widget-wrap\">\n\t\t\t\t\t\t<div class=\"elementor-element elementor-element-78c2c3f elementor-widget elementor-widget-heading\" data-id=\"78c2c3f\" data-element_type=\"widget\" data-widget_type=\"heading.default\">\n\t\t\t\t<div class=\"elementor-widget-container\">\n\t\t\t<h2 class=\"elementor-heading-title elementor-size-default\">9h as 11h - CTR-e Para Cooperativas: Como utilizar o sistema da Amlurb<\/h2>\t\t<\/div>\n\t\t\t\t<\/div>\n\t\t\t\t\t\t<\/div>\n\t\t\t\t\t<\/div>\n\t\t<\/div>\n\t\t\t\t\t\t\t\t<\/div>\n\t\t\t\t\t<\/div>\n\t\t<\/section>\n\t\t\t\t<section class=\"elementor-section elementor-top-section elementor-element elementor-element-226b88b elementor-section-boxed elementor-section-height-default elementor-section-height-default\" data-id=\"226b88b\" data-element_type=\"section\">\n\t\t\t\t\t\t<div class=\"elementor-container elementor-column-gap-default\">\n\t\t\t\t\t\t\t<div class=\"elementor-row\">\n\t\t\t\t\t<div class=\"elementor-column elementor-col-50 elementor-top-column elementor-element elementor-element-7d70429\" data-id=\"7d70429\" data-element_type=\"column\">\n\t\t\t<div class=\"elementor-column-wrap elementor-element-populated\">\n\t\t\t\t\t\t\t<div class=\"elementor-widget-wrap\">\n\t\t\t\t\t\t<div class=\"elementor-element elementor-element-b78729d elementor-widget elementor-widget-text-editor\" data-id=\"b78729d\" data-element_type=\"widget\" data-widget_type=\"text-editor.default\">\n\t\t\t\t<div class=\"elementor-widget-container\">\n\t\t\t\t\t\t\t\t<div class=\"elementor-text-editor elementor-clearfix\">\n\t\t\t\t<p>CApenas<b> para cooperados.<\/b><\/p><p style=\"font-variant-ligatures: normal; font-variant-caps: normal; font-family: 'Open Sans', sans-serif; font-size: 14px; font-style: normal; font-weight: 400;\">Participe do curso\u00a0<span style=\"font-size: 14px; font-weight: 600;\">online e gratuito:<\/span>\u00a0\u201cCTR-e Para Cooperativas: Como utilizar o sistema da Amlurb\u201d, com\u00a0<span style=\"font-size: 14px; font-weight: 600;\">Ester Ribeiro<\/span>, engenheira ambiental e sanitarista e\u00a0<strong>Camila Souza.<\/strong><\/p><p style=\"font-variant-ligatures: normal; font-variant-caps: normal; font-family: 'Open Sans', sans-serif; font-size: 14px; font-style: normal; font-weight: 400;\"><span style=\"font-size: 14px; font-weight: 600;\">Quando<\/span><\/p><p style=\"font-variant-ligatures: normal; font-variant-caps: normal; font-family: 'Open Sans', sans-serif; font-size: 14px; font-style: normal; font-weight: 400;\">28\/10 \u2013 9h as 11h00<\/p><p style=\"font-variant-ligatures: normal; font-variant-caps: normal; font-family: 'Open Sans', sans-serif; font-size: 14px; font-style: normal; font-weight: 400;\"><span style=\"font-size: 14px; font-weight: 600;\">Local<\/span><\/p><p style=\"font-variant-ligatures: normal; font-variant-caps: normal; font-family: 'Open Sans', sans-serif; font-size: 14px; font-style: normal; font-weight: 400;\">Zoom<\/p><p style=\"font-variant-ligatures: normal; font-variant-caps: normal; font-family: 'Open Sans', sans-serif; font-size: 14px; font-style: normal; font-weight: 400;\"><span style=\"font-size: 14px; font-weight: 600;\">Inscri\u00e7\u00e3o<\/span><\/p><p><a href=\"https:\/\/www.sympla.com.br\/ctr-e-para-cooperativas-como-utilizar-o-sistema-da-amlurb-apenas-para-cooperados__1389945\">https:\/\/www.sympla.com.br\/ctr-e-para-cooperativas-como-utilizar-o-sistema-da-amlurb-apenas-para-cooperados__1389945<\/a><\/p>\t\t\t\t\t<\/div>\n\t\t\t\t\t\t<\/div>\n\t\t\t\t<\/div>\n\t\t\t\t\t\t<\/div>\n\t\t\t\t\t<\/div>\n\t\t<\/div>\n\t\t\t\t<div class=\"elementor-column elementor-col-50 elementor-top-column elementor-element elementor-element-23bfd4f\" data-id=\"23bfd4f\" data-element_type=\"column\">\n\t\t\t<div class=\"elementor-column-wrap elementor-element-populated\">\n\t\t\t\t\t\t\t<div class=\"elementor-widget-wrap\">\n\t\t\t\t\t\t<div class=\"elementor-element elementor-element-aede833 elementor-widget elementor-widget-image\" data-id=\"aede833\" data-element_type=\"widget\" data-widget_type=\"image.default\">\n\t\t\t\t<div class=\"elementor-widget-container\">\n\t\t\t\t\t\t\t\t<div class=\"elementor-image\">\n\t\t\t\t\t\t\t\t\t\t\t\t<img width=\"1024\" height=\"1024\" src=\"https:\/\/abraps.org.br\/semanalixozero\/wp-content\/uploads\/2021\/10\/como-utilizar-o-sistema-da-amlurb-ctr-e-1024x1024.jpeg\" class=\"attachment-large size-large\" alt=\"\" loading=\"lazy\" srcset=\"https:\/\/abraps.org.br\/semanalixozero\/wp-content\/uploads\/2021\/10\/como-utilizar-o-sistema-da-amlurb-ctr-e-1024x1024.jpeg 1024w, https:\/\/abraps.org.br\/semanalixozero\/wp-content\/uploads\/2021\/10\/como-utilizar-o-sistema-da-amlurb-ctr-e-300x300.jpeg 300w, https:\/\/abraps.org.br\/semanalixozero\/wp-content\/uploads\/2021\/10\/como-utilizar-o-sistema-da-amlurb-ctr-e-150x150.jpeg 150w, https:\/\/abraps.org.br\/semanalixozero\/wp-content\/uploads\/2021\/10\/como-utilizar-o-sistema-da-amlurb-ctr-e-768x768.jpeg 768w, https:\/\/abraps.org.br\/semanalixozero\/wp-content\/uploads\/2021\/10\/como-utilizar-o-sistema-da-amlurb-ctr-e-116x116.jpeg 116w, https:\/\/abraps.org.br\/semanalixozero\/wp-content\/uploads\/2021\/10\/como-utilizar-o-sistema-da-amlurb-ctr-e.jpeg 1280w\" sizes=\"(max-width: 1024px) 100vw, 1024px\" \/>\t\t\t\t\t\t\t\t\t\t\t\t\t\t<\/div>\n\t\t\t\t\t\t<\/div>\n\t\t\t\t<\/div>\n\t\t\t\t\t\t<\/div>\n\t\t\t\t\t<\/div>\n\t\t<\/div>\n\t\t\t\t\t\t\t\t<\/div>\n\t\t\t\t\t<\/div>\n\t\t<\/section>\n\t\t\t\t<section class=\"elementor-section elementor-top-section elementor-element elementor-element-b941103 elementor-section-boxed elementor-section-height-default elementor-section-height-default\" data-id=\"b941103\" data-element_type=\"section\">\n\t\t\t\t\t\t<div class=\"elementor-container elementor-column-gap-default\">\n\t\t\t\t\t\t\t<div class=\"elementor-row\">\n\t\t\t\t\t<div class=\"elementor-column elementor-col-100 elementor-top-column elementor-element elementor-element-8237dad\" data-id=\"8237dad\" data-element_type=\"column\">\n\t\t\t<div class=\"elementor-column-wrap elementor-element-populated\">\n\t\t\t\t\t\t\t<div class=\"elementor-widget-wrap\">\n\t\t\t\t\t\t<div class=\"elementor-element elementor-element-1be0ee4 elementor-widget elementor-widget-heading\" data-id=\"1be0ee4\" data-element_type=\"widget\" data-widget_type=\"heading.default\">\n\t\t\t\t<div class=\"elementor-widget-container\">\n\t\t\t<h2 class=\"elementor-heading-title elementor-size-default\">18h30 as 19h30 - Como ser uma empresa Aterro Zero<\/h2>\t\t<\/div>\n\t\t\t\t<\/div>\n\t\t\t\t\t\t<\/div>\n\t\t\t\t\t<\/div>\n\t\t<\/div>\n\t\t\t\t\t\t\t\t<\/div>\n\t\t\t\t\t<\/div>\n\t\t<\/section>\n\t\t\t\t<section class=\"elementor-section elementor-top-section elementor-element elementor-element-fe43aac elementor-section-boxed elementor-section-height-default elementor-section-height-default\" data-id=\"fe43aac\" data-element_type=\"section\">\n\t\t\t\t\t\t<div class=\"elementor-container elementor-column-gap-default\">\n\t\t\t\t\t\t\t<div class=\"elementor-row\">\n\t\t\t\t\t<div class=\"elementor-column elementor-col-50 elementor-top-column elementor-element elementor-element-bf9670b\" data-id=\"bf9670b\" data-element_type=\"column\">\n\t\t\t<div class=\"elementor-column-wrap elementor-element-populated\">\n\t\t\t\t\t\t\t<div class=\"elementor-widget-wrap\">\n\t\t\t\t\t\t<div class=\"elementor-element elementor-element-397c52d elementor-widget elementor-widget-text-editor\" data-id=\"397c52d\" data-element_type=\"widget\" data-widget_type=\"text-editor.default\">\n\t\t\t\t<div class=\"elementor-widget-container\">\n\t\t\t\t\t\t\t\t<div class=\"elementor-text-editor elementor-clearfix\">\n\t\t\t\t<p>A Circulagem \u00e9 uma Startup de Impacto socioambiental, que conectar cooperativas de catadores de material recicl\u00e1vel com ind\u00fastrias.\u00a0<\/p><p><span style=\"font-size: 14px;\">Na semana Lixo Zero, a Daniela Pereira, CEO e Founder, vai realizar uma live pelo <a href=\"https:\/\/www.instagram.com\/circulagem\/\">Instagram<\/a> e <a href=\"https:\/\/www.linkedin.com\/video\/event\/urn:li:ugcPost:6859510925410529282\/\">LinkedIn<\/a> sobre a Jornada das Empresas para se tornarem aterro zero. Ser\u00e3o v\u00e1rios assuntos abordados e quem estiver ao vivo, vai participar dessa roda de conversa virtual.<\/span><\/p><p><strong>Quando<\/strong><\/p><p>28\/10 &#8211; 18h30 as 19h30<\/p><p><strong>Local<\/strong><\/p><p>Instagram e Linkedin<\/p><p><strong>Inscri\u00e7\u00e3o<\/strong><\/p><p>Acessar alguns dos links na hora da atividade:<\/p><p><a href=\"https:\/\/www.instagram.com\/circulagem\/\">https:\/\/www.instagram.com\/circulagem\/<\/a><\/p><p><a href=\"https:\/\/www.linkedin.com\/video\/event\/urn:li:ugcPost:6859510925410529282\/\">https:\/\/www.linkedin.com\/video\/event\/urn:li:ugcPost:6859510925410529282\/<\/a><\/p>\t\t\t\t\t<\/div>\n\t\t\t\t\t\t<\/div>\n\t\t\t\t<\/div>\n\t\t\t\t\t\t<\/div>\n\t\t\t\t\t<\/div>\n\t\t<\/div>\n\t\t\t\t<div class=\"elementor-column elementor-col-50 elementor-top-column elementor-element elementor-element-ef4ecf5\" data-id=\"ef4ecf5\" data-element_type=\"column\">\n\t\t\t<div class=\"elementor-column-wrap elementor-element-populated\">\n\t\t\t\t\t\t\t<div class=\"elementor-widget-wrap\">\n\t\t\t\t\t\t<div class=\"elementor-element elementor-element-a2efebb elementor-widget elementor-widget-image\" data-id=\"a2efebb\" data-element_type=\"widget\" data-widget_type=\"image.default\">\n\t\t\t\t<div class=\"elementor-widget-container\">\n\t\t\t\t\t\t\t\t<div class=\"elementor-image\">\n\t\t\t\t\t\t\t\t\t\t\t\t<img width=\"1024\" height=\"1024\" src=\"https:\/\/abraps.org.br\/semanalixozero\/wp-content\/uploads\/2021\/10\/jornada-esg-aterro-zero-1024x1024.jpeg\" class=\"attachment-large size-large\" alt=\"\" loading=\"lazy\" srcset=\"https:\/\/abraps.org.br\/semanalixozero\/wp-content\/uploads\/2021\/10\/jornada-esg-aterro-zero-1024x1024.jpeg 1024w, https:\/\/abraps.org.br\/semanalixozero\/wp-content\/uploads\/2021\/10\/jornada-esg-aterro-zero-300x300.jpeg 300w, https:\/\/abraps.org.br\/semanalixozero\/wp-content\/uploads\/2021\/10\/jornada-esg-aterro-zero-150x150.jpeg 150w, https:\/\/abraps.org.br\/semanalixozero\/wp-content\/uploads\/2021\/10\/jornada-esg-aterro-zero-768x768.jpeg 768w, https:\/\/abraps.org.br\/semanalixozero\/wp-content\/uploads\/2021\/10\/jornada-esg-aterro-zero-116x116.jpeg 116w, https:\/\/abraps.org.br\/semanalixozero\/wp-content\/uploads\/2021\/10\/jornada-esg-aterro-zero.jpeg 1080w\" sizes=\"(max-width: 1024px) 100vw, 1024px\" \/>\t\t\t\t\t\t\t\t\t\t\t\t\t\t<\/div>\n\t\t\t\t\t\t<\/div>\n\t\t\t\t<\/div>\n\t\t\t\t\t\t<\/div>\n\t\t\t\t\t<\/div>\n\t\t<\/div>\n\t\t\t\t\t\t\t\t<\/div>\n\t\t\t\t\t<\/div>\n\t\t<\/section>\n\t\t\t\t\t\t<\/div>\n\t\t\t\t\t\t<\/div>\n\t\t\t\t\t<\/div>\n\t\t","protected":false},"excerpt":{"rendered":"<p>QUINTA, 28\/10 9h as 11h &#8211; CTR-e Para Cooperativas: Como utilizar o sistema da Amlurb CApenas para cooperados. Participe do curso\u00a0online e gratuito:\u00a0\u201cCTR-e Para Cooperativas: Como utilizar o sistema da Amlurb\u201d, com\u00a0Ester Ribeiro, engenheira ambiental e sanitarista e\u00a0Camila Souza. Quando 28\/10 \u2013 9h as 11h00 Local Zoom Inscri\u00e7\u00e3o https:\/\/www.sympla.com.br\/ctr-e-para-cooperativas-como-utilizar-o-sistema-da-amlurb-apenas-para-cooperados__1389945 18h30 as 19h30 &#8211; Como ser [&hellip;]<\/p>\n","protected":false},"author":1,"featured_media":0,"parent":467,"menu_order":8,"comment_status":"closed","ping_status":"closed","template":"","meta":[],"_links":{"self":[{"href":"https:\/\/abraps.org.br\/semanalixozero\/wp-json\/wp\/v2\/pages\/358"}],"collection":[{"href":"https:\/\/abraps.org.br\/semanalixozero\/wp-json\/wp\/v2\/pages"}],"about":[{"href":"https:\/\/abraps.org.br\/semanalixozero\/wp-json\/wp\/v2\/types\/page"}],"author":[{"embeddable":true,"href":"https:\/\/abraps.org.br\/semanalixozero\/wp-json\/wp\/v2\/users\/1"}],"replies":[{"embeddable":true,"href":"https:\/\/abraps.org.br\/semanalixozero\/wp-json\/wp\/v2\/comments?post=358"}],"version-history":[{"count":77,"href":"https:\/\/abraps.org.br\/semanalixozero\/wp-json\/wp\/v2\/pages\/358\/revisions"}],"predecessor-version":[{"id":1522,"href":"https:\/\/abraps.org.br\/semanalixozero\/wp-json\/wp\/v2\/pages\/358\/revisions\/1522"}],"up":[{"embeddable":true,"href":"https:\/\/abraps.org.br\/semanalixozero\/wp-json\/wp\/v2\/pages\/467"}],"wp:attachment":[{"href":"https:\/\/abraps.org.br\/semanalixozero\/wp-json\/wp\/v2\/media?parent=358"}],"curies":[{"name":"wp","href":"https:\/\/api.w.org\/{rel}","templated":true}]}}